(80/1265) + 3/4. Suppose -52*s = -48*s - c. What is the remainder when s is divided by u?
7
Suppose 3*t + 4*y = 4*t - 26, 0 = -5*t - 5*y + 30. Let q(g) = 13*g - 35. Calculate the remainder when q(t) is divided by 25.
20
Suppose k = 20 - 8. Let m = 48 - k. Calculate the remainder when 68 is divided by m.
32
Let w = -1767 - -1816. What is the remainder when 144 is divided by w?
46
Calculate the remainder when 187 is divided by 5*(3384/40)/9.
46
Let k(n) = -2*n**3 - 7*n**2 + 3*n + 1. Let m = -4012 - -4045. What is the remainder when k(-6) is divided by m?
31
Let v(g) = 2*g + 96. Suppose 3*s - 78 = s. Suppose -2*i - i = -s. What is the remainder when v(-30) is divided by i?
10
Suppose 3*d = l + 67, -4*l = d - 3*l - 21. Let r(x) = -x - 24. Let t be r(-11). Let u = d + t. What is the remainder when 24 is divided by u?
6
Let n be 2/12 + (-12078)/(-108). Suppose 5*h = 2*i + 47, -18 = 5*h + i - 77. What is the remainder when 980/52 - (n/(-52) + 2) is divided by h?
8
Suppose -m + 40 = -4*u, 8*u = m + 6*u - 32. Calculate the remainder when 78 is divided by m.
6
Let c be -5*(0 + 3/(-5)). Suppose -15 = -c*d + 3*s + 18, -3*s - 21 = -d. Calculate the remainder when 0 - 9*d/(-9) is divided by 2.
0
Let w = -1 + 51. Let r be 262/(-14) - (-4)/(-14). Let n = w + r. What is the remainder when n is divided by 11?
9
Let h = -14 + -14. Let o = -12 + h. Let w = -9 - o. What is the remainder when w is divided by 17?
14
Let g = 1143 + -999. Calculate the remainder when g is divided by 15.
9
Let t = 45 - 30. Let x = -7 + t. Suppose -5*b = -s - 12, -5*s + 36 = -7*b + 14*b. What is the remainder when x is divided by b?
2
Let z(t) = t**2 - 6*t + 78. Calculate the remainder when z(6) is divided by 49.
29
Suppose 0 = 2*w + 7 - 13. Suppose -3*f + 6 = -3*d + 60, 46 = w*d - f. Calculate the remainder when 95 is divided by d.
11
Suppose 2*p + 3*p = 35. Suppose -9 - p = -4*a. What is the remainder when 13 is divided by a?
1
Let g be (3 - (52/8 - 3))*-166. Suppose 5*n - 3*r - 666 = 0, -5*r = -2*n + 357 - g. What is the remainder when n is divided by 27?
24
Suppose 3*z = 3*v - 417, 2*z + 127 = v - 148. Let f = -94 - z. Suppose -3*d = -k + 23, -39 = k - 6*k - 4*d. Calculate the remainder when f is divided by k.
9
Let f(v) = -v**2 + 5*v + 5. Let x be f(6). Let n be 5*(-48)/(-10)*x. Let z = n - -27. What is the remainder when 3 is divided by z?
0
Suppose -4*n - 5 = -5*h + 1, -3 = h - 5*n. Suppose h*l - 22 = 6. Calculate the remainder when l is divided by 4.
2
Suppose -24 = 6*j - 78. Suppose -j*k + 72 = -9. Calculate the remainder when 79 is divided by k.
7
Let u = -26 + 44. Let h(z) = -z**2 - z + 1. Let c(r) = -r**3 + 7*r**2 + 6*r. Let y(b) = c(b) + 4*h(b). Calculate the remainder when u is divided by y(3).
8
Let f(c) = -3*c + c**2 + c + 1 - c. Suppose 17*a - 14*a = 33. What is the remainder when a is divided by f(4)?
1
Suppose 10 = -3*u - 2*u. Let a = u - -12. What is the remainder when a is divided by (-2)/4 - (-27)/6?
2
Suppose n = 4*w - 6, 5*n + 5*w - 20 = -0*w. Suppose -n*z - 4*z = -522. What is the remainder when z is divided by 8?
7
Let v(g) be the first derivative of -8*g**2 - 5*g - 31. Calculate the remainder when 32 is divided by v(-1).
10
Let s(u) = -u**3 + 7*u**2 - 2*u + 3. Let m(x) = 19*x. Let a be m(-1). Let p = a - -29. What is the remainder when s(6) is divided by p?
7
Let v be ((-205)/(-20))/(1/4). Let w = -6 + v. What is the remainder when w is divided by 10?
5
Suppose 0 = 4*l + 4*b - 184, 4*b + 104 = 2*l + 9*b. Let i(r) = 14*r**2 - r. Calculate the remainder when l is divided by i(-1).
12
Let l = -64 - -584. Suppose -8*a = -3*a - l. Suppose -t + d + 52 = -0*d, -d - a = -2*t. Calculate the remainder when t is divided by 18.
16
Let m(n) be the first derivative of -n**4 - 2*n**3/3 + n**2/2 + n - 14. What is the remainder when m(-2) is divided by 5?
3
Let q(t) = t**3 - t**2 - t. Let u be q(2). Let l(s) = -2 + 39*s - 49*s + 36*s. What is the remainder when l(u) is divided by 13?
11
Suppose 0 = -2*f - 0*f + 34. Let n(z) = -13*z**2 - 493*z + 85. What is the remainder when n(-38) is divided by f?
13
Let m be -4 - -7 - (2 - 1). Suppose -m*d + 600 = -6*d. Let f = 226 + d. What is the remainder when f is divided by 26?
24
Let n(h) = -41*h - 166. Calculate the remainder when n(-11) is divided by 77.
54
Let c = -7 - -13. Suppose 1160*z - 2 = 1158*z. Calculate the remainder when c is divided by z.
0
Let c = 155 - 84. Suppose 26*k - 22*k - 148 = 0. Calculate the remainder when c is divided by k.
34
Calculate the remainder when (-13086)/(-72) + (-15)/(-12) is divided by 37.
35
Let j(f) = -13*f - 6. Let x = -409 + 763. Calculate the remainder when j(-6) is divided by x/24 + (-6)/(-24).
12
Calculate the remainder when (-10 - 7)/((-7)/42)*2 is divided by 54.
42
Let c = 2446 + -2393. Let w = 75 + -47. Calculate the remainder when c is divided by w.
25
Let f(d) = d**2 + 6*d + 3. Suppose -3*r = -3*n + 27, 2*n + n + 1 = -r. Let w be f(r). Calculate the remainder when 21 is divided by -1 + w + 3 + -1.
10
Let s = -28 + 84. Let z = s - 30. What is the remainder when z is divided by (-1 + -2)/(3/(-10))?
6
Let a be 6708/30 + 2/5. Suppose 4*m - a - 84 = 0. What is the remainder when m is divided by 27?
23
Suppose -4*f = -f + 5*s - 317, -f = -5*s - 79. Calculate the remainder when f is divided by 28.
15
Suppose 0*o = 4*o - 16, 2*a + 4*o = 332. Calculate the remainder when a is divided by 46.
20
Let s = 358 - 201. Calculate the remainder when s is divided by 23.
19
Suppose s = 4 - 1. Let c(j) = j + 2. Let h be c(s). Suppose 30 = h*u - 145. Calculate the remainder when u is divided by 19.
16
Let d = 151 - 108. What is the remainder when 212 is divided by d?
40
Suppose 0 = -2*a - 2*a. Let x be a - ((-220)/4 + -1). Suppose 4*n - x = -3*z, 4*n = 8*n + 2*z - 56. Calculate the remainder when 26 is divided by n.
12
Suppose 0 = 5*s - 4*s - 11. What is the remainder when 1956/s - (-32)/176 is divided by 20?
18
Let l(a) = a + 14. Let k(b) = 3*b + 17. Let r be k(-7). Let x = 8 + r. Calculate the remainder when l(-8) is divided by x.
2
Calculate the remainder when (-1 - (-17)/2)*24 is divided by (-2)/((63/7)/(-63)).
12
Let d = -219 + 390. Calculate the remainder when d is divided by 1 + 0 - (2076/(-48) + 30/24).
42
What is the remainder when ((-18)/(-6)*246/9)/2 is divided by (34/3)/(6/9)?
7
Suppose 3*n - 16 = 5*z, -3*n = 3*z - 4*z - 8. Suppose 1 = n*f - f. Calculate the remainder when 3 is divided by f.
0
Suppose -t + 23 = g - 2*g, 5*t - 4*g = 114. Suppose 2*r - 8 + 2 = 0. What is the remainder when ((-41)/r)/((-21)/63) is divided by t?
19
Suppose -5 = -4*j + 3. Suppose j*o + 18 = 5*o. Suppose 60 - 186 = -6*v. Calculate the remainder when v is divided by o.
3
Let l(p) = -42*p - 1. Let b(t) = -14*t. Let f(d) = -11*b(d) + 4*l(d). Calculate the remainder when f(-4) is divided by 20.
12
Suppose 0 = 12*w - 11*w - 3*x - 70, 2*x + 10 = 0. What is the remainder when 219 is divided by w?
54
Let o = 193 + -205. Suppose 2*r + 7 = -3*s, r - 3*s = -s + 14. What is the remainder when 4/2 - r - o is divided by 7?
3
Let j = 6 + -10. Suppose 11*g - 2*g + 1098 = 0. Calculate the remainder when (g/3)/(j/6) is divided by 16.
13
Suppose 0 = 7*p - 13*p + 252. What is the remainder when 117 is divided by p?
33
Let y(w) = -w**2 + 15*w + 220. Calculate the remainder when y(0) is divided by 74.
72
Suppose 3*z - z - 60 = 4*o, z - 25 = o. Calculate the remainder when z is divided by 7.
6
Suppose 26*q - 360 - 238 = 0. Calculate the remainder when 45 is divided by q.
22
What is the remainder when 86 is divided by ((-15)/(-75) - 18/(-10)) + 6?
6
Suppose 4*r = 662 - 106. Calculate the remainder when r is divided by 36.
31
Suppose -3*s - s - 3*m = -93, -27 = -2*s + 5*m. What is the remainder when (-41)/(((-30)/80)/(12/16)) is divided by s?
19
Calculate the remainder when 32 is divided by (2 + -14)/6 - 38/(-2).
15
Let l = 236 + -127. What is the remainder when l is divided by 4?
1
Suppose 9*k - 108 = 279. Suppose 5*m = 3*m + 52. Let t = m + -15. Calculate the remainder when k is divided by t.
10
Suppose 144 = 6*h + 12. Let o(d) = -3*d - 7. What is the remainder when h is divided by o(-4)?
2
Suppose 3*y = -603 + 639. Calculate the remainder when 20 is divided by y.
8
Suppose 2*d - 10 = 46. Suppose -4*x = -4*l - 2*x - d, -6 = 3*x. Calcula